the millions digit of 727648798?
7
What is the units digit of 4082522017?
7
What is the ten millions digit of 47752149?
4
What is the millions digit of 55218882?
5
What is the hundreds digit of 461457947?
9
What is the billions digit of 3015671944?
3
What is the tens digit of 106207803?
0
What is the ten millions digit of 110888930?
1
What is the hundred millions digit of 187217714?
1
What is the hundred thousands digit of 33455395?
4
What is the units digit of 378617931?
1
What is the hundreds digit of 298342615?
6
What is the hundred millions digit of 407741564?
4
What is the units digit of 987705690?
0
What is the thousands digit of 4158705544?
5
What is the hundreds digit of 51765166?
1
What is the millions digit of 3436588?
3
What is the ten millions digit of 395568520?
9
What is the tens digit of 128130788?
8
What is the millions digit of 1242709615?
2
What is the thousands digit of 231076?
1
What is the hundreds digit of 23127096?
0
What is the hundred thousands digit of 3185261726?
2
What is the units digit of 74553142?
2
What is the hundred millions digit of 2073834582?
0
What is the hundred thousands digit of 251111425?
1
What is the tens digit of 70979631?
3
What is the ten millions digit of 357987677?
5
What is the hundreds digit of 58288759?
7
What is the hundred thousands digit of 101334379?
3
What is the units digit of 170417784?
4
What is the billions digit of 1729510882?
1
What is the hundred millions digit of 713082952?
7
What is the hundreds digit of 2618378?
3
What is the hundred thousands digit of 5679245?
6
What is the ten millions digit of 4232202567?
3
What is the thousands digit of 21762972?
2
What is the hundred thousands digit of 76907499?
9
What is the billions digit of 1848530992?
1
What is the tens digit of 2077629664?
6
What is the thousands digit of 350058311?
8
What is the ten millions digit of 130811952?
3
What is the hundred millions digit of 192673398?
1
What is the ten thousands digit of 31840275?
4
What is the hundred millions digit of 1160206459?
1
What is the thousands digit of 374929205?
9
What is the tens digit of 201971807?
0
What is the hundreds digit of 920816071?
0
What is the tens digit of 280125462?
6
What is the ten thousands digit of 37654454?
5
What is the ten thousands digit of 630611385?
1
What is the hundreds digit of 117790509?
5
What is the hundred thousands digit of 3787987781?
9
What is the hundred millions digit of 772067105?
7
What is the hundred thousands digit of 186524743?
5
What is the hundred millions digit of 362475026?
3
What is the millions digit of 31950544?
1
What is the hundred thousands digit of 283800553?
8
What is the thousands digit of 189799323?
9
What is the tens digit of 62042493?
9
What is the thousands digit of 14956465?
6
What is the hundred millions digit of 122773167?
1
What is the billions digit of 2525057195?
2
What is the tens digit of 3094732839?
3
What is the units digit of 6087011355?
5
What is the ten millions digit of 2741952282?
4
What is the millions digit of 17545013?
7
What is the hundreds digit of 52680764?
7
What is the units digit of 63514137?
7
What is the tens digit of 148852905?
0
What is the ten thousands digit of 2383045721?
4
What is the tens digit of 98437395?
9
What is the ten millions digit of 78102639?
7
What is the hundreds digit of 2039152204?
2
What is the thousands digit of 259936636?
6
What is the tens digit of 385369236?
3
What is the ten thousands digit of 2074336982?
3
What is the thousands digit of 36096526?
6
What is the billions digit of 1524320597?
1
What is the units digit of 928485823?
3
What is the ten thousands digit of 12411355?
1
What is the millions digit of 52718670?
2
What is the ten millions digit of 559004266?
5
What is the tens digit of 805493056?
5
What is the millions digit of 88283686?
8
What is the millions digit of 1295547664?
5
What is the hundred thousands digit of 176608741?
6
What is the units digit of 378782357?
7
What is the millions digit of 775215039?
5
What is the hundreds digit of 52497036?
0
What is the ten millions digit of 32995869?
3
What is the hundreds digit of 126548603?
6
What is the ten millions digit of 3036455054?
3
What is the millions digit of 378544710?
8
What is the hundred thousands digit of 291747034?
7
What is the tens digit of 47461108?
0
What is the ten thousands digit of 236576085?
7
What is the hundreds digit of 89281970?
9
What is the thousands digit of 802732472?
2
What is the hundred millions digit of 132498857?
1
What is the tens digit of 3667800414?
1
What is the ten thousands digit of 462055863?
5
What is the hundred thousands digit of 96925721?
9
What is the ten thousands digit of 218500779?
0
What is the ten thousands digit of 2604726252?
2
What is the ten millions digit of 1535098902?
3
What is the ten millions digit of 33414729?
3
What is the ten thousands digit of 147571687?
7
What is the ten thousands digit of 48438468?
3
What is the units digit of 28885611?
1
What is the ten thousands digit of 773989706?
8
What is the tens digit of 40613757?
5
What is the ten millions digit of 78489683?
7
What is the hundred thousands digit of 1483535667?
5
What is the units digit of 719466708?
8
What is the hundreds digit of 1409339545?
5
What is the tens digit of 26634422?
2
What is the hundred thousands digit of 36223390?
2
What is the billions digit of 1780170850?
1
What is the thousands digit of 986199206?
9
What is the hundred millions digit of 112549771?
1
What is the units digit of 17625416?
6
What is the hundreds digit of 6959840272?
2
What is the units digit of 80628207?
7
What is the hundreds digit of 53679352?
3
What is the ten thousands digit of 1975566578?
6
What is the hundred millions digit of 101912524?
1
What is the thousands digit of 1877802695?
2
What is the units digit of 1623842191?
1
What is the hundreds digit of 738527320?
3
What is the millions digit of 26451974?
6
What is the ten millions digit of 359892416?
5
What is the hundred thousands digit of 5188829202?
8
What is the hundred thousands digit of 3050568994?
5
What is the hundred thousands digit of 340688208?
6
What is the thousands digit of 533898701?
8
What is the units digit of 8430528?
8
What is the hundreds digit of 70727326?
3
What is the millions digit of 449441348?
9
What is the millions digit of 573839361?
3
What is the millions digit of 2951882984?
1
What is the hundred millions digit of 963537169?
9
What is the tens digit of 234614700?
0
What is the hundred millions digit of 494876939?
4
What is the thousands digit of 41274745?
4
What is the thousands digit of 6679697358?
7
What is the units digit of 31889392?
2
What is the tens digit of 90552398?
9
What is the hundred millions digit of 1689511120?
6
What is the ten thousands digit of 317504588?
0
What is the billions digit of 1070756389?
1
What is the hundreds digit of 918099431?
4
What is the thousands digit of 133343246?
3
What is the millions digit of 414805379?
4
What is the ten millions digit of 1052176306?
5
What is the ten thousands digit of 66732991?
3
What is the millions digit of 70668918?
0
What is the ten thousands digit of 2987233027?
3
What is the units digit of 88915324?
4
What is the units digit of 118672174?
4
What is the millions digit of 3125362520?
5
What is the units digit of 1619822292?
2
What is the hundreds digit of 87212482?
4
What is the hundreds digit of 1907493?
4
What is the tens digit of 198045148?
4
What is the hundreds digit of 197700538?
5
What is the ten thousands digit of 1914165147?
6
What is the hundred millions digit of 257442300?
2
What is the hundred thousands digit of 25035576?
0
What is the ten millions digit of 255599732?
5
What is the hundred millions digit of 6667149917?
6
What is the hundreds digit of 1077947443?
4
What is the ten millions digit of 1546943770?
4
What is the thousands digit of 1154127503?
7
What is the hundreds digit of 3991442553?
5
What is the thousands digit of 157751035?
1
What is the ten millions digit of 381067799?
8
What is the tens digit of 702143551?
5
What is the thousands digit of 6015748?
5
What is the ten millions digit of 68460226?
6
What is the ten millions digit of 298957152?
9
What is the hundreds digit of 30139340?
3
What is the hundreds digit of 104913175?